473.
67, 876619
List the prime factors of 513945584.
2, 4457, 7207
What are the prime factors of 1295219916?
2, 3, 1433, 8369
List the prime factors of 486716764.
2, 113, 269, 4003
List the prime factors of 6340083.
3, 2113361
What are the prime factors of 1604333577?
3, 7, 11, 6945167
List the prime factors of 1945443577.
7, 11, 2963, 8527
List the prime factors of 65537443.
4549, 14407
What are the prime factors of 1756418331?
3, 585472777
What are the prime factors of 369056919?
3, 7, 11, 23, 69463
What are the prime factors of 26980909?
23, 43, 27281
What are the prime factors of 1936874259?
3, 215208251
What are the prime factors of 572974609?
9283, 61723
List the prime factors of 120830823.
3, 19, 706613
What are the prime factors of 1216492806?
2, 3, 941, 215461
List the prime factors of 92527288.
2, 7, 193, 1223
What are the prime factors of 228316839?
3, 61, 113, 181
List the prime factors of 5680832415.
3, 5, 233, 1625417
List the prime factors of 215763515.
5, 11, 3922973
What are the prime factors of 4452435464?
2, 2309, 241037
List the prime factors of 134780719.
29, 4647611
What are the prime factors of 4925335951?
53, 83, 1119649
List the prime factors of 794333856.
2, 3, 191, 43321
List the prime factors of 3036422629.
53, 57290993
What are the prime factors of 48629924?
2, 7, 59, 29437
List the prime factors of 187874829.
3, 131, 53117
What are the prime factors of 169413120?
2, 3, 5, 19, 43
List the prime factors of 644472559.
97, 6644047
List the prime factors of 1312248491.
1312248491
What are the prime factors of 55360988?
2, 41, 79, 4273
List the prime factors of 474963201.
3, 67, 787667
List the prime factors of 1972261545.
3, 5, 17, 7734359
What are the prime factors of 124752395?
5, 24950479
List the prime factors of 1835341769.
10883, 168643
List the prime factors of 239180324.
2, 131, 456451
What are the prime factors of 311785605?
3, 5, 641, 1201
What are the prime factors of 1966538106?
2, 3, 13, 109, 77101
List the prime factors of 154054391.
17, 23, 47, 83, 101
List the prime factors of 80225544.
2, 3, 7, 68219
What are the prime factors of 185524000?
2, 5, 46381
What are the prime factors of 784436840?
2, 5, 11, 1782811
List the prime factors of 386375468.
2, 29, 43, 71, 1091
List the prime factors of 2450535609.
3, 3623, 225461
What are the prime factors of 25619789?
13, 29, 67957
List the prime factors of 444774234.
2, 3, 74129039
List the prime factors of 440897262.
2, 3, 13, 79, 71551
What are the prime factors of 202220221?
7, 571, 50593
List the prime factors of 218369659.
23, 71, 133723
List the prime factors of 959571984.
2, 3, 7, 2855869
List the prime factors of 208655854.
2, 11, 31, 305947
List the prime factors of 56086361.
139, 403499
What are the prime factors of 4206502958?
2, 7, 173, 1736789
What are the prime factors of 47323456?
2, 379, 1951
What are the prime factors of 89269658?
2, 101, 359, 1231
What are the prime factors of 1608859925?
5, 509, 126433
What are the prime factors of 1164249088?
2, 568481
List the prime factors of 945386972.
2, 59, 479, 8363
List the prime factors of 5019468.
2, 3, 418289
List the prime factors of 26323747.
71, 499, 743
List the prime factors of 33455074.
2, 16727537
List the prime factors of 78077597.
13, 1381, 4349
What are the prime factors of 1566819507?
3, 11, 1481, 32059
List the prime factors of 339792982.
2, 169896491
What are the prime factors of 926723760?
2, 3, 5, 3861349
List the prime factors of 100306453.
13, 19, 73, 5563
What are the prime factors of 1589828972?
2, 307, 1294649
List the prime factors of 240167003.
109, 2203367
List the prime factors of 423630304.
2, 71, 137, 1361
List the prime factors of 91692905.
5, 18338581
What are the prime factors of 230628690?
2, 3, 5, 41, 62501
What are the prime factors of 1371882?
2, 3, 228647
List the prime factors of 1156116784.
2, 29, 109, 22859
List the prime factors of 128774939.
4397, 29287
What are the prime factors of 1170137747?
1170137747
List the prime factors of 1658130285.
3, 5, 7, 19, 197, 4219
List the prime factors of 32845806.
2, 3, 7, 29, 89, 101
List the prime factors of 24123253.
7, 11, 313289
What are the prime factors of 189473011?
7, 13, 23, 90527
List the prime factors of 1695438441.
3, 17, 651841
What are the prime factors of 168578612?
2, 307, 137279
What are the prime factors of 250493369?
7, 67, 534101
List the prime factors of 41785271.
11, 83, 45767
What are the prime factors of 44104794?
2, 3, 7350799
What are the prime factors of 990993278?
2, 11, 29, 1553281
List the prime factors of 1125883536.
2, 3, 137, 313, 547
What are the prime factors of 553470736?
2, 7, 13, 380131
List the prime factors of 35549942.
2, 17774971
What are the prime factors of 672190243?
193, 3482851
What are the prime factors of 950247034?
2, 11, 47, 167, 5503
What are the prime factors of 40210956?
2, 3, 61, 18311
List the prime factors of 90003992.
2, 13, 66571
List the prime factors of 6599193557.
11, 23, 2657, 9817
List the prime factors of 10334739.
3, 3444913
List the prime factors of 3636906243.
3, 113, 10728337
List the prime factors of 331083087.
3, 47, 601, 3907
What are the prime factors of 10776476?
2, 89, 30271
What are the prime factors of 21784642?
2, 11, 990211
What are the prime factors of 1658955506?
2, 13, 17, 1583, 2371
List the prime factors of 78841339.
31, 37, 68737
What are the prime factors of 1505506596?
2, 3, 11, 61, 181, 1033
What are the prime factors of 290755153?
13, 71, 315011
List the prime factors of 4063821424.
2, 13, 23, 849461
What are the prime factors of 2531715500?
2, 5, 5063431
List the prime factors of 79468536.
2, 3, 7, 473027
List the prime factors of 169688421.
3, 7, 67, 5743
What are the prime factors of 1478469866?
2, 739234933
What are the prime factors of 156209713?
11, 31, 41, 11173
What are the prime factors of 8558170067?
149, 57437383
List the prime factors of 4464583014.
2, 3, 744097169
What are the prime factors of 298009873?
7, 23, 107, 17299
List the prime factors of 566328823.
67, 311, 27179
List the prime factors of 1266525898.
2, 11, 57569359
List the prime factors of 76493727.
3, 17, 18517
What are the prime factors of 1287101373?
3, 2393, 179287
List the prime factors of 96178255.
5, 113, 170227
What are the prime factors of 20050195?
5, 11, 107, 3407
List the prime factors of 123986840.
2, 5, 443, 6997
List the prime factors of 88285042.
2, 44142521
What are the prime factors of 1607031200?
2, 5, 101, 19889
List the prime factors of 55777267.
7, 13, 47149
What are the prime factors of 1880861721?
3, 53, 67, 176557
What are the prime factors of 2334972494?
2, 89, 109, 151, 797
List the prime factors of 3622694544.
2, 3, 7, 133109
What are the prime factors of 2280484061?
2280484061
What are the prime factors of 22090684?
2, 7, 11, 17, 4219
What are the prime factors of 1130015083?
32971, 34273
What are the prime factors of 4111867255?
5, 822373451
List the prime factors of 5457401541.
3, 31, 6520193
What are the prime factors of 323991650?
2, 5, 53, 103, 1187
List the prime factors of 115796673.
3, 17, 47, 16103
List the prime factors of 187259679.
3, 20806631
What are the prime factors of 50537791?
719, 70289
What are the prime factors of 1641480679?
17, 2711, 35617
What are the prime factors of 15803572?
2, 3950893
What are the prime factors of 375766984?
2, 937, 50129
List the prime factors of 2027467488.
2, 3, 29, 337, 2161
List the prime factors of 143619179.
11, 17, 811, 947
List the prime factors of 2594199024.
2, 3, 199, 90529
List the prime factors of 19175392.
2, 599231
List the prime factors of 3359285043.
3, 229, 4889789
List the prime factors of 38951387.
19, 59, 34747
What are the prime factors of 50203151?
257, 195343
What are the prime factors of 116567097?
3, 47, 826717
List the prime factors of 2116350561.
3, 13, 54265399
What are the prime factors of 1618293135?
3, 5, 761, 141769
What are the prime factors of 12990129?
3, 19, 349, 653
List the prime factors of 21592401.
3, 7197467
What are the prime factors of 456487059?
3, 7, 31, 701209
What are the prime factors of 579563957?
7, 53, 101, 15467
List the prime factors of 1428076831.
23, 62090297
What are the prime factors of 27070154?
2, 17, 796181
What are the pr